
Is 337783 composite?
True
Is 2137301 a prime number?
True
Is 56246 prime?
False
Is 56845 a composite number?
True
Is 7249 composite?
True
Is 28387 a composite number?
False
Is 8101 composite?
False
Is 145505 composite?
True
Is 383269 composite?
True
Is 4327 a composite number?
False
Is 9917 a prime number?
False
Is 167087 a composite number?
False
Is 11087 prime?
True
Is 12889 a composite number?
False
Is 1109 prime?
True
Is 71039 a prime number?
True
Is 17369 prime?
False
Is 1923377 composite?
False
Is 557143 a composite number?
True
Is 1765429 composite?
False
Is 775871 a prime number?
True
Is 4198 composite?
True
Is 509081 a prime number?
False
Is 141739 a prime number?
False
Is 7283 a composite number?
False
Is 4358 composite?
True
Is 6007 a composite number?
False
Is 19661 a prime number?
True
Is 761227 a composite number?
False
Is 236503 prime?
True
Is 89137 composite?
False
Is 36178 a prime number?
False
Is 33457 prime?
True
Is 140797 a composite number?
False
Is 593627 a prime number?
True
Is 443341 a composite number?
False
Is 68953 a prime number?
False
Is 43919 a prime number?
False
Is 7037 composite?
True
Is 1330453 a composite number?
False
Is 15661 prime?
True
Is 453867 a composite number?
True
Is 78341 a prime number?
True
Is 1080917 composite?
True
Is 331 a prime number?
True
Is 14695 a composite number?
True
Is 39677 composite?
True
Is 2171 a composite number?
True
Is 3359 a composite number?
False
Is 541 a composite number?
False
Is 20245 prime?
False
Is 15869 a prime number?
False
Is 5666 a prime number?
False
Is 7573 a prime number?
True
Is 42963 a composite number?
True
Is 7997 composite?
True
Is 247667 composite?
True
Is 35023 a prime number?
True
Is 9271 a prime number?
False
Is 31281 a composite number?
True
Is 616639 prime?
True
Is 21089 prime?
True
Is 8861 composite?
False
Is 167929 prime?
False
Is 18833 prime?
False
Is 8353 composite?
False
Is 19717 a prime number?
True
Is 11318 a prime number?
False
Is 74123 a prime number?
False
Is 160343 composite?
False
Is 14987 composite?
True
Is 7817 prime?
True
Is 15949 prime?
False
Is 14503 a prime number?
True
Is 30619 a composite number?
True
Is 43547 composite?
True
Is 64205 composite?
True
Is 116849 prime?
True
Is 57179 a prime number?
True
Is 69383 composite?
False
Is 156167 a composite number?
True
Is 149639 a composite number?
True
Is 13303 a prime number?
False
Is 13117 prime?
False
Is 8817 a composite number?
True
Is 1291 a composite number?
False
Is 985433 a composite number?
False
Is 8761 composite?
False
Is 11147 composite?
True
Is 4727 composite?
True
Is 2327 a composite number?
True
Is 30839 a composite number?
False
Is 21401 composite?
False
Is 1237373 a prime number?
True
Is 2927 composite?
False
Is 176363 composite?
True
Is 40277 prime?
True
Is 9091 a prime number?
True
Is 157717 composite?
True
Is 5269 a prime number?
False
Is 198974 composite?
True
Is 321397 composite?
False
Is 1741 composite?
False
Is 456329 prime?
True
Is 116329 prime?
True
Is 136771 prime?
False
Is 24133 a composite number?
False
Is 767111 prime?
True
Is 6337 a composite number?
False
Is 12079 a composite number?
True
Is 10133 a prime number?
True
Is 1633 a prime number?
False
Is 15403 composite?
True
Is 85037 composite?
False
Is 1289647 composite?
True
Is 55985 a prime number?
False
Is 1777 a composite number?
False
Is 40997 prime?
False
Is 12574 composite?
True
Is 1481 prime?
True
Is 105243 prime?
False
Is 9299 a composite number?
True
Is 1297477 prime?
True
Is 2081239 a prime number?
False
Is 624341 a prime number?
False
Is 23554 composite?
True
Is 12538 prime?
False
Is 308083 a prime number?
False
Is 1174813 a composite number?
True
Is 19443 a prime number?
False
Is 92743 a composite number?
True
Is 1535 prime?
False
Is 5981 a composite number?
False
Is 39971 composite?
False
Is 350503 a composite number?
False
Is 53681 a composite number?
False
Is 3119 a composite number?
False
Is 3242 a composite number?
True
Is 250031 prime?
True
Is 251003 prime?
True
Is 7283 a composite number?
False
Is 33563 a prime number?
True
Is 113653 a prime number?
False
Is 42769 a prime number?
False
Is 90931 a prime number?
True
Is 1603573 a composite number?
False
Is 2483 a composite number?
True
Is 10133 composite?
False
Is 344843 a composite number?
False
Is 2279 prime?
False
Is 25301 a prime number?
True
Is 35702 a prime number?
False
Is 290203 a prime number?
False
Is 14779 a composite number?
False
Is 32843 composite?
False
Is 177 composite?
True
Is 2705 composite?
True
Is 484141 a composite number?
True
Is 101939 a composite number?
False
Is 3407 prime?
True
Is 12661 a prime number?
False
Is 2927 composite?
False
Is 1727639 a composite number?
False
Is 919 composite?
False
Is 32987 a composite number?
False
Is 7867 a composite number?
False
Is 374219 a composite number?
False
Is 145 a composite number?
True
Is 90659 prime?
True
Is 41333 a prime number?
True
Is 3554 composite?
True
Is 108707 composite?
False
Is 50231 a prime number?
True
Is 9239 a prime number?
True
Is 286309 a prime number?
False
Is 4393 composite?
True
Is 1447779 a prime number?
False
Is 1067939 a composite number?
False
Is 51517 prime?
True
Is 26291 a prime number?
False
Is 7941 composite?
True
Is 68093 prime?
False
Is 128047 prime?
True
Is 111577 a prime number?
True
Is 39967 composite?
True
Is 3518 prime?
False
Is 6349 prime?
False
Is 24197 a prime number?
True
Is 251885 composite?
True
Is 4738537 composite?
False
Is 14923 a composite number?
False
Is 3631 composite?
False
Is 78673 composite?
True
Is 187547 a composite number?
False
Is 8605 a prime number?
False
Is 77431 a prime number?
True
Is 101095 a composite number?
True
Is 1839809 a composite number?
False
Is 705563 composite?
True
Is 23173 a composite number?
False
Is 3299 a composite number?
False
Is 1042 prime?
False
Is 66449 composite?
False
Is 119059 a composite number?
True
Is 536611 a prime number?
False
Is 70271 a prime number?
True
Is 5726651 a prime number?
False
Is 26879 composite?
False
Is 39478 prime?
False
Is 4381 composite?
True
Is 13111 prime?
False
Is 561667 composite?
False
Is 9493 composite?
True
Is 92921 composite?
False
Is 16799 a composite number?
True
Is 63445 prime?
False
Is 13523 prime?
True
Is 59261 prime?
False
Is 113 a prime number?
True
Is 397567 a prime number?
True
Is 7237 prime?
True
Is 3151 a prime number?
False
Is 40871 a composite number?
True
Is 62383 composite?
False
Is 393473 prime?
True
Is 23843 composite?
True
Is 12979 a prime number?
True
Is 3946 a composite number?
True
Is 2477 a composite number?
False
Is 37087 a composite number?
False
Is 46105 prime?
False
Is 225317 prime?
False
Is 338659 a composite number?
False
Is 5137 a composite number?
True
Is 784321 composite?
False
Is 656107 prime?
False
Is 3582521 a prime number?
True
Is 36447 composite?
True
Is 1161515 prime?
False
Is 2302 composite?
True
Is 23719 prime?
True
Is 135307 prime?
False
Is 18691 a composite number?
False
Is 613583 a composite number?
True
Is 16462 composite?
True
Is 8035 a composite number?
True
Is 43117 a composite number?
False
Is 1714471 a composite number?
True
Is 294303 a composite number?
True
Is 93473 a prime number?
False
Is 546841 a prime number?
True
Is 19547 a prime number?
False
Is 43727 composite?
True
Is 65353 composite?
False
Is 6819 prime?
False
Is 51403 prime?
False
Is 58119 a composite number?
True
Is 879279 a composite number?
True
Is 46285 composite?
True
Is 233509 prime?
True
Is 49857 prime?
False
Is 147449 a composite number?
False
Is 44995 prime?
False
Is 22339 prime?
False
Is 83891 a composite number?
False
Is 542017 a prime number?
False
Is 21531 prime?
False
Is 104053 a prime number?
True
Is 8709 prime?
False
Is 166919 a prime number?
True
Is 671581 composite?
False
Is 6529 a composite number?
False
Is 836609 prime?
True
Is 608079 a prime number?
False
Is 362303 a prime number?
True
Is 61211 a composite number?
False
Is 4561 composite?
False
Is 5981 a composite number?
False
Is 1473145 composite?
True
Is 108401 prime?
True
Is 200945 composite?
True
Is 42283 a composite number?
False
Is 277258 a composite number?
True
Is 1162313 a prime number?
False
Is 13963 prime?
True
Is 1343 a prime number?
False
Is 184369 prime?
True
Is